Temperatura máxima Desde: 20-07-2019 12:00 Hasta: 19:59 Aviso por: Temperatura máxima Nivel: Naranja info button
español:
Temperatura máxima: 40 ºC. Esté preparado. Tome precauciones y manténgase informado de la predicción meteorológica más actualizada. Las actividades habituales pueden verse alteradas y las realizadas al aire libre, interrumpidas.

english:
Maximum temperature: 40 ºC. Be prepared. Take precautions and keep up to date with the latest weather forecast. Expect some disruption to daily routines and be prepared for disruption to outdoor activities. 

Informes Estilo NOAA


Informe 2018 Abril
                   Monthly Climatological Summary for abr. 2018

Name: tiempoensevilla.es   City: Sevilla   State: España
Elevation: 6 m  Lat: N 37 22 59   Lon: W 005 59 08

                  Temperature (°C), Rain (mm), Wind Speed (km/h)

                                      Heat  Cool        Avg
    Mean                              Deg   Deg         Wind                 Dom
Day Temp  High   Time   Low    Time   Days  Days  Rain  Speed High   Time    Dir
----------------------------------------------------------------------------------
01  16,0  23,6   17:47   9,4   07:33   3,4   1,1   0,0   6,7  24,1   09:35   ENE
02  16,2  19,8   15:43  11,7   07:56   2,3   0,2   0,2   6,7  32,2   14:33    SO
03  16,5  20,4   15:41  13,9   08:01   2,1   0,4   0,2   8,9  41,8   16:41   OSO
04  16,2  21,7   17:45  12,2   07:01   2,6   0,5   0,0   6,6  27,4   13:07   OSO
05  17,8  26,2   18:39  10,5   07:36   2,6   2,2   0,0   6,4  25,7   10:03   ENE
06  17,4  21,3   15:01  13,7   07:35   1,5   0,6   0,6   7,6  37,0   16:52   OSO
07  13,3  16,9   15:45  10,8   09:31   5,0   0,0   8,4   7,2  32,2   15:07   OSO
08  13,6  18,2   16:05  10,3   06:43   4,7   0,0   0,6   8,0  41,8   18:39   OSO
09  12,1  16,1   16:29   8,6   09:11   6,2   0,0   0,2   8,6  30,6   15:25   OSO
10  12,1  15,9   18:42   8,5   06:21   6,2   0,0  13,4  10,4  49,9   12:19   OSO
11  13,1  18,3   17:25   8,9   06:46   5,2   0,0   0,0   9,4  37,0   16:21     O
12  12,2  14,4   13:21  10,6   16:19   6,1   0,0  18,4   6,5  69,2   15:58    SO
13  12,0  16,3   18:55   8,3   08:22   6,3   0,0  10,6   6,5  40,2   12:57   ENE
14  15,0  20,9   16:21   9,4   07:39   3,7   0,4   0,0   4,3  27,4   18:01   OSO
15  14,3  18,2   13:25  10,7   07:32   4,0   0,0   0,8   6,3  29,0   18:05    SO
16  15,1  21,1   17:50  10,4   06:44   3,6   0,3   2,8   4,4  24,1   00:43   OSO
17  18,3  26,1   17:55  11,2   07:44   2,5   2,5   0,0   5,5  24,1   09:32   ENE
18  20,6  28,8   17:41  13,0   07:41   1,3   3,7   0,0   5,3  25,7   12:29   ENE
19  21,0  27,3   16:59  14,4   06:45   0,9   3,6   0,0   8,9  35,4   14:22     E
20  19,7  24,8   15:04  15,8   06:58   0,6   2,1   0,0  11,1  45,1   10:33     E
21  19,5  23,6   18:46  16,3   07:09   0,3   1,5   0,6   8,0  41,8   08:29    NE
22  19,8  24,3   17:53  15,4   09:13   0,4   2,0   3,4   4,5  24,1   20:26   ONO
23  21,9  28,9   17:43  17,1   03:22   0,2   3,8   6,6   7,6  38,6   12:43     E
24  21,4  25,8   17:36  17,9   07:22   0,0   3,1   0,2   5,8  33,8   19:24   OSO
25  19,8  25,4   18:20  16,3   07:04   0,5   2,0   0,0   5,3  30,6   19:18    SO
26  19,6  25,1   16:25  15,7   07:03   0,6   1,9   3,4   5,6  35,4   00:03    SO
27  20,3  25,4   17:06  16,8   07:11   0,5   2,4   0,0   5,6  29,0   17:11    SO
28  16,6  19,7   00:14  13,4   23:59   1,8   0,1   0,0   8,2  40,2   18:46     O
29  14,1  18,4   16:38   9,9   07:13   4,2   0,0   0,0   8,8  41,8   17:07   OSO
30  13,8  17,3   18:10  10,1   07:19   4,5   0,0   7,0   4,1  27,4   14:35     O
----------------------------------------------------------------------------------
    16,6  28,9    23     8,3    13    83,8  34,4  77,4   7,0  69,2    12     OSO

Max >=  30,0  0
Max <=  20,0 12
Min <=  30,0 30
Min <=   0,0  0
Max Rain: 18,4 on day 12
Days of Rain: 17 (>= 0,2 mm)  9 (>= 2,0 mm)  0 (>= 20,0 mm)
Heat Base: 18,3  Cool Base: 18,3  Method: Integration