Temperatura máxima Desde: 20-07-2019 12:00 Hasta: 19:59 Aviso por: Temperatura máxima Nivel: Naranja info button
español:
Temperatura máxima: 40 ºC. Esté preparado. Tome precauciones y manténgase informado de la predicción meteorológica más actualizada. Las actividades habituales pueden verse alteradas y las realizadas al aire libre, interrumpidas.

english:
Maximum temperature: 40 ºC. Be prepared. Take precautions and keep up to date with the latest weather forecast. Expect some disruption to daily routines and be prepared for disruption to outdoor activities. 

Informes Estilo NOAA


Informe 2018 Mayo
                   Monthly Climatological Summary for may. 2018

Name: tiempoensevilla.es   City: Sevilla   State: España
Elevation: 6 m  Lat: N 37 22 59   Lon: W 005 59 08

                  Temperature (°C), Rain (mm), Wind Speed (km/h)

                                      Heat  Cool        Avg
    Mean                              Deg   Deg         Wind                 Dom
Day Temp  High   Time   Low    Time   Days  Days  Rain  Speed High   Time    Dir
----------------------------------------------------------------------------------
01  13,6  17,9   14:58  10,1   07:50   4,7   0,0   2,6   4,3  46,7   15:44   OSO
02  15,1  20,8   17:20   9,7   08:23   3,6   0,4   0,0   4,6  27,4   18:30   OSO
03  18,1  25,1   18:09  12,9   06:37   2,0   1,8   0,0   4,1  27,4   19:48    NO
04  18,5  25,5   17:54  14,6   07:06   1,1   1,4   0,0   4,6  46,7   18:40   SSO
05  20,3  27,1   18:55  13,8   07:40   1,4   3,3   0,0   3,9  20,9   18:42     N
06  21,7  27,9   18:34  15,6   08:29   0,4   3,7   0,0   7,3  32,2   11:47     E
07  21,4  27,3   18:23  15,9   07:05   0,4   3,4   0,0   5,9  30,6   19:09   ONO
08  20,2  27,3   16:41  15,7   07:11   0,6   2,5   0,6   4,8  22,5   16:18   OSO
09  18,2  22,3   19:01  16,5   09:28   0,6   0,5   0,0   6,8  30,6   19:31   SSO
10  18,7  22,5   17:03  16,2   08:04   0,7   1,1   0,0   6,5  30,6   16:24    SO
11  18,2  23,9   16:39  13,9   06:43   1,4   1,3   0,0   4,9  24,1   15:05    SO
12  18,6  24,3   17:33  14,3   08:41   1,3   1,6   0,0   7,2  35,4   19:26    NO
13  17,7  23,6   19:05  12,6   05:25   2,1   1,5   0,0   9,3  29,0   15:49     N
14  20,7  27,2   17:41  14,9   07:12   0,9   3,3   0,0   8,1  32,2   20:54   NNE
15  23,2  29,2   19:34  17,1   07:20   0,1   5,0   0,0   7,8  32,2   10:40    NE
16  23,1  29,8   19:45  15,1   07:34   0,3   5,1   0,0   6,9  35,4   13:41     E
17  22,1  29,3   18:12  16,7   07:23   0,1   3,9   0,0   6,9  33,8   18:51   ONO
18  20,2  27,4   16:41  17,1   06:46   0,2   2,1   0,8   6,0  27,4   18:10     N
19  20,4  28,2   16:30  16,7   07:04   0,4   2,5   5,8   6,6  32,2   18:52    NE
20  19,8  23,9   16:58  15,4   08:06   0,5   2,0   0,0   4,4  29,0   15:09     N
21  20,2  25,4   16:33  17,3   06:05   0,2   2,1   0,0   4,7  38,6   21:55   SSO
22  20,6  26,7   19:13  16,8   08:05   0,5   2,8   0,0   4,2  24,1   00:30    SO
23  22,0  27,1   18:20  16,9   07:30   0,2   3,9   0,0   3,7  22,5   19:18    NO
24  18,9  21,9   13:43  16,7   23:48   0,3   0,9   0,8   6,3  29,0   13:04    SO
25  18,6  23,0   16:07  15,3   06:07   1,0   1,3   0,2   6,3  32,2   16:49    SO
26  19,9  24,3   19:17  16,5   06:46   0,4   2,0   0,0   4,3  20,9   18:01    SO
27  19,6  24,0   17:56  16,0   07:34   0,6   1,9   0,0   6,2  30,6   17:29    SO
28  19,8  24,5   17:21  16,8   04:33   0,4   1,9   1,0   7,4  30,6   14:11    SO
29  18,1  21,4   14:39  14,6   06:54   1,1   0,8   0,0   7,7  38,6   19:27   OSO
30  19,7  24,1   18:38  16,8   01:22   0,5   1,8   0,0   4,5  24,1   20:32     O
31  21,3  27,5   18:49  15,6   07:27   0,4   3,5   0,0   5,0  22,5   21:00   NNO
----------------------------------------------------------------------------------
    19,6  29,8    16     9,7     2    28,4  69,3  11,8   5,9  46,7     1       O

Max >=  30,0  0
Max <=  20,0  1
Min <=  30,0 31
Min <=   0,0  0
Max Rain: 5,8 on day 19
Days of Rain: 7 (>= 0,2 mm)  2 (>= 2,0 mm)  0 (>= 20,0 mm)
Heat Base: 18,3  Cool Base: 18,3  Method: Integration