Temperatura máxima Desde: 11-07-2020 12:00 Hasta: 19:59 Aviso por: Temperatura máxima Nivel: Naranja info button
español:
Temperatura máxima: 40 ºC.

Esté preparado. Tome precauciones y manténgase informado de la predicción meteorológica más actualizada. Las actividades habituales pueden verse alteradas y las realizadas al aire libre, interrumpidas.

english:
Maximum temperature: 40 ºC.

Be prepared. Take precautions and keep up to date with the latest weather forecast. Expect some disruption to daily routines and be prepared for disruption to outdoor activities. 

Informes Estilo NOAA


Informe 2018 Agosto
                   Monthly Climatological Summary for ago. 2018

Name: tiempoensevilla.es   City: Sevilla   State: España
Elevation: 6 m  Lat: N 37 22 59   Lon: W 005 59 08

                  Temperature (°C), Rain (mm), Wind Speed (km/h)

                                      Heat  Cool        Avg
    Mean                              Deg   Deg         Wind                 Dom
Day Temp  High   Time   Low    Time   Days  Days  Rain  Speed High   Time    Dir
----------------------------------------------------------------------------------
01  32,0  41,3   16:11  24,5   07:09   0,0  13,7   0,0   5,9  27,4   15:45   ESE
02  33,9  42,0   17:07  26,2   06:56   0,0  15,6   0,0   7,8  37,0   15:14     E
03  34,5  43,6   17:42  26,9   07:40   0,0  16,2   0,0   6,0  29,0   18:22   NNO
04  32,7  40,4   18:11  26,7   06:00   0,0  14,4   0,0   5,8  25,7   21:23    SO
05  32,2  40,1   18:59  25,2   08:25   0,0  13,9   0,0   5,0  29,0   20:25    SO
06  32,8  40,1   17:39  26,2   06:51   0,0  14,5   0,0   4,4  27,4   19:38    SO
07  31,8  39,6   19:02  26,2   03:15   0,0  13,5   0,0   5,1  24,1   19:19    SO
08  28,2  35,0   18:23  22,7   09:00   0,0   9,9   0,0   6,0  29,0   15:47   SSO
09  26,3  33,1   17:47  21,6   07:48   0,0   8,0   0,0   4,9  22,5   15:57   OSO
10  28,8  36,8   17:14  22,1   06:02   0,0  10,5   0,0   4,2  20,9   14:06    SO
11  30,3  37,1   18:19  24,7   07:15   0,0  12,0   0,0   4,2  24,1   21:17    SO
12  29,8  36,4   17:46  25,1   08:09   0,0  11,5   0,0   5,2  33,8   18:17    SO
13  27,4  33,9   17:22  22,3   08:01   0,0   9,1   0,0   6,3  35,4   17:48   SSO
14  25,7  33,4   18:26  20,4   07:44   0,0   7,4   0,0   6,1  24,1   17:48   SSO
15  23,8  30,6   17:41  19,4   07:16   0,0   5,5   0,0   6,2  24,1   15:05   SSO
16  24,0  29,6   18:44  20,7   04:02   0,0   5,7   0,0   5,3  27,4   18:53    SO
17  26,6  35,1   17:34  20,0   07:35   0,0   8,3   0,0   3,7  19,3   18:29    SO
18  29,7  38,0   18:20  23,3   04:03   0,0  11,4   0,0   5,8  29,0   18:36   ENE
19  30,4  36,7   15:14  23,6   07:38   0,0  12,1   0,0   6,4  29,0   11:34   SSO
20  30,4  36,9   18:32  24,7   08:08   0,0  12,1   0,0   6,8  27,4   15:58     E
21  30,2  37,0   17:36  24,1   07:45   0,0  11,9   0,0   7,2  30,6   20:23    NE
22  30,2  37,3   18:55  24,8   07:49   0,0  11,9   0,0   4,6  29,0   19:16   NNO
23  30,0  37,1   17:09  24,6   07:31   0,0  11,7   0,0   3,5  19,3   18:08    SO
24  29,9  37,3   16:17  24,0   07:59   0,0  11,6   0,0   4,4  22,5   16:46   SSO
25  29,1  35,3   17:23  23,8   04:53   0,0  10,7   0,0   5,2  25,7   17:01   SSO
26  29,3  37,4   17:47  22,4   09:06   0,0  11,0   0,0   4,0  20,9   15:08   SSO
27  29,5  36,4   18:12  24,1   06:57   0,0  11,1   0,0   6,8  33,8   10:39   NNO
28  27,7  35,2   17:23  23,1   23:56   0,0   9,4   0,0   6,7  30,6   01:03    SO
29  25,4  33,3   17:14  21,2   07:05   0,0   7,1   0,0   5,6  25,7   19:18    SO
30  26,9  35,9   19:13  21,0   07:57   0,0   8,6   0,0   3,0  16,1   21:39   OSO
31  30,2  37,8   17:00  23,4   08:22   0,0  11,9   0,0   7,5  33,8   14:01     E
----------------------------------------------------------------------------------
    29,3  43,6     3    19,4    15     0,0 342,2   0,0   5,5  37,0     2     SSO

Max >=  30,0 30
Max <=  20,0  0
Min <=  30,0 31
Min <=   0,0  0
Max Rain: 0,0 on day 0
Days of Rain: 0 (>= 0,2 mm)  0 (>= 2,0 mm)  0 (>= 20,0 mm)
Heat Base: 18,3  Cool Base: 18,3  Method: Integration