No se requiere un especial cuidado respecto a la situación meteorológica.   -   No hay avisos

Informes Estilo NOAA


Informe 2018 Octubre
                   Monthly Climatological Summary for oct. 2018

Name: tiempoensevilla.es   City: Sevilla   State: Espaņa
Elevation: 6 m  Lat: N 37 22 59   Lon: W 005 59 08

                  Temperature (°C), Rain (mm), Wind Speed (km/h)

                                      Heat  Cool        Avg
    Mean                              Deg   Deg         Wind                 Dom
Day Temp  High   Time   Low    Time   Days  Days  Rain  Speed High   Time    Dir
----------------------------------------------------------------------------------
01  25,3  32,3   16:24  21,1   05:45   0,0   7,0   0,0   4,4  20,9   16:58    SO
02  26,0  34,2   18:22  20,4   08:12   0,0   7,7   0,0   5,6  29,0   11:29   ENE
03  24,8  32,4   19:10  18,2   08:15   0,0   6,5   0,0   4,9  24,1   13:56    NE
04  25,5  32,9   18:00  18,4   07:59   0,0   7,2   0,0   4,6  19,3   21:16     N
05  25,3  32,9   16:41  18,4   08:24   0,0   7,0   0,0   4,6  20,9   09:13   NNE
06  24,8  31,8   16:34  18,5   09:04   0,0   6,5   0,0   5,3  20,9   20:05    NE
07  24,0  31,3   17:06  19,0   08:40   0,0   5,7   0,0   5,3  27,4   17:37   OSO
08  22,0  27,6   16:26  18,1   06:51   0,0   3,7   0,0   4,6  27,4   19:05   SSO
09  21,5  27,4   17:48  15,8   08:47   0,3   3,5   0,0   4,8  22,5   19:24   OSO
10  22,5  25,9   15:38  19,4   07:50   0,0   4,2   0,0   5,3  27,4   16:49   SSO
11  22,6  25,5   15:04  20,4   10:02   0,0   4,3   0,0   7,3  32,2   16:06    SO
12  23,5  27,8   17:50  20,8   08:04   0,0   5,2   0,0   3,8  17,7   00:32   OSO
13  24,1  31,0   17:25  18,6   08:01   0,0   5,8   0,0   5,3  25,7   18:24   ONO
14  19,5  22,4   00:00  16,7   08:56   0,2   1,4   8,6   8,9  33,8   10:45   ONO
15  16,3  19,8   15:14  13,8   09:06   2,1   0,1  12,6   5,8  38,6   15:15    SO
16  19,2  23,8   16:52  16,3   08:35   0,7   1,6   0,0   3,1  16,1   13:38   NNE
17  20,4  26,8   17:49  16,4   08:10   0,4   2,5   0,0   3,5  20,9   19:18   ONO
18  15,9  18,9   00:00  13,9   08:19   2,4   0,0  11,8   6,2  29,0   07:40   ENE
19  17,2  22,3   17:40  13,8   08:09   2,0   0,8   0,0   6,4  25,7   12:28   ENE
20  15,8  17,8   14:15  13,9   08:11   2,5   0,0   9,0   6,0  29,0   16:56    NE
21  18,5  22,9   18:19  15,7   03:07   0,9   1,1   0,0   4,7  20,9   12:52   ENE
22  20,7  25,9   17:32  16,2   06:19   0,5   3,0   0,0   4,4  17,7   12:13    NE
23  20,9  24,1   17:07  17,3   07:35   0,1   2,7   0,0   2,8  14,5   08:30     N
24  21,5  26,6   16:55  17,4   09:03   0,1   3,4   0,0   3,8  24,1   14:19   ENE
25  20,9  27,2   17:42  16,1   09:01   0,4   3,0   0,0   3,1  22,5   09:52    NE
26  17,4  20,6   00:00  16,1   17:29   1,1   0,2   7,0   3,6  20,9   15:19    NE
27  17,7  20,6   16:47  14,7   23:49   1,1   0,5   0,6   5,5  33,8   15:45   ONO
28  12,8  15,8   15:16   9,8   08:18   5,7   0,0   0,0   8,7  32,2   16:15   NNO
29  12,7  17,2   16:02   8,1   08:12   5,6   0,0   0,0   7,1  32,2   14:43     O
30  12,8  16,4   16:05  10,4   23:49   5,5   0,0  19,4   6,6  38,6   08:33    SO
31  11,0  13,9   13:03   9,3   05:30   7,3   0,0   6,6   6,0  24,1   13:11    SO
----------------------------------------------------------------------------------
    20,1  34,2     2     8,1    29    38,9  94,6  75,6   5,2  38,6    15      NO

Max >=  30,0  8
Max <=  20,0  7
Min <=  30,0 31
Min <=   0,0  0
Max Rain: 19,4 on day 30
Days of Rain: 8 (>= 0,2 mm)  7 (>= 2,0 mm)  0 (>= 20,0 mm)
Heat Base: 18,3  Cool Base: 18,3  Method: Integration