Temperatura máxima Desde: 20-07-2019 12:00 Hasta: 19:59 Aviso por: Temperatura máxima Nivel: Naranja info button
español:
Temperatura máxima: 40 ºC. Esté preparado. Tome precauciones y manténgase informado de la predicción meteorológica más actualizada. Las actividades habituales pueden verse alteradas y las realizadas al aire libre, interrumpidas.

english:
Maximum temperature: 40 ºC. Be prepared. Take precautions and keep up to date with the latest weather forecast. Expect some disruption to daily routines and be prepared for disruption to outdoor activities. 

Informes Estilo NOAA


Informe 2018 Diciembre
                   Monthly Climatological Summary for dic. 2018

Name: tiempoensevilla.es   City: Sevilla   State: España
Elevation: 6 m  Lat: N 37 22 59   Lon: W 005 59 08

                  Temperature (°C), Rain (mm), Wind Speed (km/h)

                                      Heat  Cool        Avg
    Mean                              Deg   Deg         Wind                 Dom
Day Temp  High   Time   Low    Time   Days  Days  Rain  Speed High   Time    Dir
----------------------------------------------------------------------------------
01  12,9  17,8   17:07   8,9   08:17   5,4   0,0   0,0   3,5  16,1   11:09    NE
02  13,1  18,2   15:30   8,6   08:30   5,2   0,0   0,0   3,6  17,7   11:04   NNE
03  14,0  20,2   15:47   9,6   09:00   4,5   0,2   0,0   4,3  16,1   08:04   NNE
04  15,3  22,4   15:56  10,7   07:12   3,6   0,6   0,0   3,0  14,5   09:00   NNE
05  15,9  24,2   16:50  11,1   06:24   3,3   0,9   0,0   4,0  20,9   12:52   NNE
06  16,1  23,4   16:14  11,1   09:20   3,1   0,9   0,0   4,1  20,9   13:08   NNE
07  15,3  22,0   16:09  10,7   08:20   3,5   0,5   0,0   2,3  12,9   11:47     N
08  14,1  19,1   15:52  10,1   08:46   4,2   0,0   0,0   4,4  20,9   16:34   NNE
09  14,7  20,8   17:19  10,3   08:32   3,9   0,3   0,0   4,9  25,7   10:15    NE
10  16,0  22,6   16:39  11,1   05:55   3,2   0,8   0,0   5,1  37,0   12:07   NNE
11  13,8  16,3   13:29  10,7   06:56   4,5   0,0   0,0   1,5  12,9   10:11   NNE
12  15,2  18,7   14:06  13,3   09:03   3,1   0,0   0,0   2,7  14,5   16:05     O
13  13,7  16,1   14:46  10,8   23:46   4,5   0,0   5,0   8,6  43,5   09:26     O
14  12,3  16,8   15:31   8,8   08:21   6,0   0,0   0,0   4,8  22,5   12:38    NO
15  11,7  16,7   17:39   7,2   08:39   6,6   0,0   0,0   2,7  14,5   12:31   NNE
16  10,3  12,3   17:36   8,2   05:06   8,0   0,0   1,2   2,7  16,1   05:41   NNE
17  11,1  15,1   16:51   9,1   10:17   7,2   0,0   0,0   6,2  22,5   12:12   ENE
18  11,3  16,2   15:16   6,9   06:07   6,7   0,0   0,0   4,1  17,7   09:41   NNE
19  14,0  16,7   15:55  11,8   09:54   4,3   0,0   2,0   4,1  19,3   12:00     N
20  13,4  17,3   16:26  10,8   09:01   4,9   0,0   0,0   3,2  16,1   14:30    NE
21  12,5  17,3   17:08   8,6   08:27   5,8   0,0   0,0   5,6  25,7   10:25    NE
22  13,0  18,7   16:42   8,9   08:20   5,3   0,0   0,0   6,9  27,4   12:39    NE
23  12,5  19,1   16:59   7,6   09:30   5,8   0,0   0,0   4,4  17,7   11:33   NNE
24  12,2  17,8   16:46   7,1   07:52   6,1   0,0   0,0   5,1  22,5   12:34    NE
25  11,8  17,9   16:43   7,9   08:47   6,5   0,0   0,0   3,1  14,5   07:21   NNE
26  11,2  16,6   16:55   7,0   09:17   7,1   0,0   0,0   4,6  17,7   10:58   NNE
27  11,3  17,8   17:01   6,8   07:38   7,0   0,0   0,0   3,4  16,1   08:44   NNE
28  11,0  16,7   16:50   6,6   09:26   7,3   0,0   0,0   4,5  20,9   18:54   NNE
29  11,4  16,0   16:37   7,1   09:00   6,9   0,0   0,0   8,0  29,0   14:37   ENE
30  13,3  17,8   16:02   8,9   07:57   5,0   0,0   0,0   9,4  32,2   18:57   ENE
31  11,8  17,7   16:41   7,1   09:21   6,5   0,0   0,0   7,2  24,1   01:26    NE
----------------------------------------------------------------------------------
    13,1  24,2     5     6,6    28   165,0   4,2   8,2   4,6  43,5    13     NNE

Max >=  30,0  0
Max <=  20,0 24
Min <=  30,0 31
Min <=   0,0  0
Max Rain: 5,0 on day 13
Days of Rain: 3 (>= 0,2 mm)  2 (>= 2,0 mm)  0 (>= 20,0 mm)
Heat Base: 18,3  Cool Base: 18,3  Method: Integration