Temperatura máxima Desde: 20-07-2019 12:00 Hasta: 19:59 Aviso por: Temperatura máxima Nivel: Naranja info button
español:
Temperatura máxima: 40 ºC. Esté preparado. Tome precauciones y manténgase informado de la predicción meteorológica más actualizada. Las actividades habituales pueden verse alteradas y las realizadas al aire libre, interrumpidas.

english:
Maximum temperature: 40 ºC. Be prepared. Take precautions and keep up to date with the latest weather forecast. Expect some disruption to daily routines and be prepared for disruption to outdoor activities. 

Informes Estilo NOAA


Informe 2019 Febrero
                   Monthly Climatological Summary for feb. 2019

Name: tiempoensevilla.es   City: Sevilla   State: España
Elevation: 6 m  Lat: N 37 22 59   Lon: W 005 59 08

                  Temperature (°C), Rain (mm), Wind Speed (km/h)

                                      Heat  Cool        Avg
    Mean                              Deg   Deg         Wind                 Dom
Day Temp  High   Time   Low    Time   Days  Days  Rain  Speed High   Time    Dir
----------------------------------------------------------------------------------
01  13,4  15,6   13:41   9,3   23:05   4,9   0,0  20,0  13,5  57,9   14:37     O
02  10,8  14,7   16:11   7,7   06:17   7,5   0,0   0,0   9,4  40,2   12:24    NO
03   9,8  14,3   17:23   6,2   06:50   8,5   0,0   0,0   3,6  17,7   10:36   NNE
04  10,1  16,4   17:48   4,2   08:25   8,2   0,0   0,0   7,0  27,4   13:38    NE
05  12,2  20,1   17:23   6,0   08:02   6,3   0,2   0,0   4,7  22,5   12:51    NE
06  13,5  20,2   16:45   8,1   06:19   5,0   0,2   0,0   4,1  19,3   09:42    NE
07  13,7  21,3   16:54   7,4   08:57   4,9   0,3   0,0   2,8  16,1   08:51     N
08  12,6  19,3   17:11   7,2   08:25   5,7   0,1   0,0   3,5  16,1   06:06   NNE
09  11,6  17,4   16:14   6,8   07:26   6,7   0,0   0,0   2,5  16,1   18:01    SO
10  12,0  17,8   16:25   7,5   07:24   6,3   0,0   0,0   2,9  17,7   18:49    SO
11  15,0  19,4   16:46  11,9   08:22   3,4   0,1   0,0   2,1  12,9   15:50     E
12  14,2  20,6   15:53   9,2   08:28   4,4   0,3   0,0   6,0  25,7   16:58    NE
13  14,0  19,8   18:05   9,3   08:11   4,4   0,2   0,0   5,4  24,1   12:22   ENE
14  13,8  20,9   17:01   8,5   08:15   4,9   0,4   0,0   4,3  16,1   07:48   ENE
15  13,7  19,9   16:14   8,7   08:26   4,8   0,2   0,0   8,4  30,6   14:14   ENE
16  14,4  20,6   15:38  10,8   08:36   4,1   0,2   0,0   7,0  27,4   15:27     E
17  13,9  21,2   16:55   8,3   07:41   4,7   0,3   0,0   4,9  22,5   09:42   NNE
18  13,6  18,4   17:30   9,7   07:32   4,7   0,0   0,0   3,8  17,7   10:05   NNE
19  15,3  18,9   15:39  12,6   07:27   3,0   0,0   0,0   2,2  14,5   15:14   ONO
20  14,7  20,0   16:46   9,1   08:58   3,8   0,2   0,0   3,4  16,1   12:08    NE
21  14,8  21,3   16:47   9,4   08:48   4,0   0,5   0,0   4,2  17,7   02:58    NE
22  15,4  23,6   18:03   9,1   08:36   3,9   1,0   0,0   4,7  20,9   09:31   NNE
23  15,7  23,2   16:37   8,9   07:59   3,7   1,1   0,0   5,1  20,9   15:11    NE
24  16,3  23,3   16:39   8,8   08:34   3,2   1,2   0,0   4,7  22,5   11:42   NNE
25  16,0  22,4   16:57  10,9   08:28   3,2   0,9   0,0   8,4  33,8   11:19   ENE
26  15,9  24,2   17:28   9,3   07:29   3,7   1,4   0,0   6,1  29,0   11:47   ENE
27  15,6  22,7   16:30   9,2   08:00   3,6   0,9   0,0   4,7  19,3   00:16     N
28  16,5  24,6   16:55   9,6   06:42   3,0   1,3   0,0   3,4  14,5   09:51   NNE
----------------------------------------------------------------------------------
    13,9  24,6    28     4,2     4   134,5  11,0  20,0   5,1  57,9     1     NNE

Max >=  30,0  0
Max <=  20,0 13
Min <=  30,0 28
Min <=   0,0  0
Max Rain: 20,0 on day 1
Days of Rain: 1 (>= 0,2 mm)  1 (>= 2,0 mm)  1 (>= 20,0 mm)
Heat Base: 18,3  Cool Base: 18,3  Method: Integration