Temperatura máxima Desde: 20-07-2019 12:00 Hasta: 19:59 Aviso por: Temperatura máxima Nivel: Naranja info button
español:
Temperatura máxima: 40 ºC. Esté preparado. Tome precauciones y manténgase informado de la predicción meteorológica más actualizada. Las actividades habituales pueden verse alteradas y las realizadas al aire libre, interrumpidas.

english:
Maximum temperature: 40 ºC. Be prepared. Take precautions and keep up to date with the latest weather forecast. Expect some disruption to daily routines and be prepared for disruption to outdoor activities. 

Informes Estilo NOAA


Informe 2019 Marzo
                   Monthly Climatological Summary for mar. 2019

Name: tiempoensevilla.es   City: Sevilla   State: España
Elevation: 6 m  Lat: N 37 22 59   Lon: W 005 59 08

                  Temperature (°C), Rain (mm), Wind Speed (km/h)

                                      Heat  Cool        Avg
    Mean                              Deg   Deg         Wind                 Dom
Day Temp  High   Time   Low    Time   Days  Days  Rain  Speed High   Time    Dir
----------------------------------------------------------------------------------
01  14,7  21,0   18:01  10,1   07:02   3,9   0,3   0,0   4,1  24,1   15:16    SO
02  14,9  22,6   17:42   9,1   08:43   4,0   0,7   0,0   2,8  16,1   14:47   ONO
03  16,8  24,9   16:51  10,1   08:05   3,1   1,5   0,0   4,6  22,5   06:11     N
04  15,1  19,2   14:11  10,6   07:58   3,3   0,1   0,0   5,1  25,7   14:41    SO
05  16,1  18,4   18:00  14,3   07:11   2,2   0,0   0,2   4,5  25,7   15:23    SO
06  15,3  18,3   13:35  13,0   23:56   3,0   0,0   3,8  10,7  57,9   13:42   OSO
07  13,1  17,1   16:22   8,8   07:14   5,2   0,0   0,0   4,6  29,0   18:22   OSO
08  14,6  19,4   18:07  11,4   07:59   3,8   0,1   0,4   4,4  19,3   09:39    NE
09  17,0  23,2   17:13  11,3   07:53   2,6   1,3   0,0   5,1  24,1   11:04    NE
10  18,2  26,8   17:56  10,6   06:57   2,4   2,4   0,0   3,4  19,3   11:50    NE
11  20,7  28,6   18:10  14,0   08:16   1,1   3,5   0,0   2,4  17,7   14:38    NE
12  19,2  25,9   17:27  13,2   08:43   1,3   2,2   0,0   3,9  22,5   17:06   OSO
13  17,1  22,1   16:24  12,9   07:47   2,0   0,7   0,0   6,0  27,4   17:37     N
14  17,2  22,8   16:24  11,4   07:44   2,3   1,2   0,0   7,4  32,2   10:09   ENE
15  18,8  27,2   17:15  10,6   07:34   2,3   2,8   0,0   4,6  24,1   13:25    NE
16  17,6  25,9   16:14  10,1   07:39   2,6   1,9   0,0   4,0  27,4   14:51     O
17  16,5  25,3   16:37  10,5   08:40   3,1   1,4   0,0   4,8  27,4   16:06     O
18  17,6  23,1   17:25  12,8   08:27   1,9   1,2   0,0   5,0  22,5   16:10   NNE
19  16,6  22,7   17:36  10,4   08:16   2,7   1,0   0,0   6,4  32,2   16:08   ENE
20  15,8  20,6   18:12  10,4   07:38   2,9   0,4   0,0   6,8  29,0   10:16   ENE
21  15,0  20,3   17:03   9,8   07:00   3,6   0,3   0,0   7,5  33,8   11:59     E
22  15,2  21,2   16:32   9,2   05:48   3,7   0,6   0,0   8,5  30,6   12:24   ENE
23  16,1  21,7   16:08   9,8   07:20   3,0   0,8   0,0  10,9  48,3   13:26     E
24  17,3  23,0   16:36  11,7   07:47   2,3   1,3   0,0  10,1  35,4   15:06     E
25  18,2  24,8   17:20  11,6   08:25   2,1   2,1   0,0   8,3  38,6   14:25   ENE
26  19,6  26,7   15:26  14,0   06:46   1,2   2,5   0,0   9,5  41,8   11:58     E
27  17,3  22,5   17:00  12,1   07:31   1,9   0,9   0,0   7,7  35,4   09:11     E
28  16,4  22,0   16:03  10,8   05:40   2,8   0,9   0,0  11,0  43,5   10:40     E
29  16,5  23,7   16:47  10,2   07:35   2,9   1,1   0,0   6,3  27,4   17:59   ENE
30  17,5  24,7   16:08  11,6   06:44   2,2   1,4   0,0   6,7  29,0   18:33   ENE
31  17,2  22,3   16:04  13,4   08:34   1,5   0,5   0,0   4,9  30,6   16:41   NNE
----------------------------------------------------------------------------------
    16,7  28,6    11     8,8     7    82,9  35,1   4,4   6,2  57,9     6     ENE

Max >=  30,0  0
Max <=  20,0  5
Min <=  30,0 31
Min <=   0,0  0
Max Rain: 3,8 on day 6
Days of Rain: 3 (>= 0,2 mm)  1 (>= 2,0 mm)  0 (>= 20,0 mm)
Heat Base: 18,3  Cool Base: 18,3  Method: Integration