Temperatura máxima Desde: 20-07-2019 12:00 Hasta: 19:59 Aviso por: Temperatura máxima Nivel: Naranja info button
español:
Temperatura máxima: 40 ºC. Esté preparado. Tome precauciones y manténgase informado de la predicción meteorológica más actualizada. Las actividades habituales pueden verse alteradas y las realizadas al aire libre, interrumpidas.

english:
Maximum temperature: 40 ºC. Be prepared. Take precautions and keep up to date with the latest weather forecast. Expect some disruption to daily routines and be prepared for disruption to outdoor activities. 

Informes Estilo NOAA


Informe 2019 Abril
                   Monthly Climatological Summary for abr. 2019

Name: tiempoensevilla.es   City: Sevilla   State: España
Elevation: 6 m  Lat: N 37 22 59   Lon: W 005 59 08

                  Temperature (°C), Rain (mm), Wind Speed (km/h)

                                      Heat  Cool        Avg
    Mean                              Deg   Deg         Wind                 Dom
Day Temp  High   Time   Low    Time   Days  Days  Rain  Speed High   Time    Dir
----------------------------------------------------------------------------------
01  15,7  18,7   19:22  14,2   07:26   2,7   0,0   6,8   4,5  25,7   16:11     S
02  16,7  22,8   17:46  12,7   09:28   2,5   0,9   0,0   3,2  17,7   18:54    SO
03  17,6  22,4   16:31  12,1   09:21   1,9   1,1   0,0   5,6  37,0   16:38   ONO
04  14,8  20,0   17:21  11,4   08:59   3,6   0,1   0,0   7,8  38,6   19:11     O
05  12,6  16,1   17:20  10,2   19:29   5,7   0,0   6,8   8,3  49,9   12:18     O
06  12,0  15,6   14:05   9,3   02:51   6,3   0,0   5,4   7,3  38,6   17:16   OSO
07  13,8  16,4   15:42  10,8   07:41   4,5   0,0   3,4   6,8  29,0   05:16   OSO
08  15,3  18,3   14:50  13,7   06:55   3,0   0,0   7,8   7,7  32,2   20:07    SO
09  15,2  19,3   17:23  11,7   07:23   3,1   0,0   0,0   6,7  37,0   19:03     O
10  15,7  20,9   17:12  11,6   05:45   3,0   0,5   0,0   7,0  33,8   17:22    NO
11  16,5  22,4   19:30  11,1   07:43   2,6   0,8   0,0   4,0  22,5   20:46   ONO
12  17,5  24,6   18:23  11,9   07:26   2,2   1,5   0,0   4,6  27,4   21:59    NO
13  18,4  25,8   18:19  12,0   07:57   1,9   2,0   0,0   4,5  27,4   21:46   OSO
14  20,1  27,5   18:25  13,8   07:54   1,5   3,4   0,0   3,3  16,1   01:42    NE
15  20,2  25,7   16:39  16,0   06:57   0,4   2,4   0,0   6,2  41,8   17:06    SO
16  19,0  26,7   18:27  12,9   06:58   1,7   2,4   0,0   4,3  27,4   18:56     S
17  17,5  22,7   15:05  13,6   07:08   1,5   0,7   0,0   5,9  45,1   17:36   OSO
18  15,0  19,3   15:12  10,3   16:15   3,3   0,0  24,0   3,0  40,2   16:08   OSO
19  15,1  20,9   17:00  11,5   07:54   3,4   0,2   1,8   4,3  35,4   17:48    SO
20  15,9  21,1   17:42  12,3   05:04   2,8   0,4   0,0   8,9  33,8   17:05    NE
21  17,6  21,6   17:41  14,3   09:13   1,3   0,7   0,0   8,1  32,2   13:50   ENE
22  18,4  24,5   16:40  14,9   07:13   1,3   1,3   0,0   7,1  43,5   18:58    SO
23  14,4  17,0   16:15  11,7   08:18   3,9   0,0   7,0   9,7  48,3   15:55   OSO
24  14,3  17,7   14:19  11,3   05:15   4,0   0,0   7,0  11,2  53,1   18:55    SO
25  16,8  20,3   18:44  13,5   05:04   1,8   0,3   0,8   9,2  33,8   18:17     O
26  16,5  23,1   19:21  10,6   07:53   2,8   1,1   0,0   7,3  27,4   14:10   NNE
27  20,1  27,1   19:08  12,8   07:38   1,5   3,3   0,0   8,4  33,8   12:34   ENE
28  21,6  28,6   18:03  14,3   07:29   0,8   4,1   0,0   8,7  35,4   13:52   ENE
29  22,5  30,2   18:23  14,8   07:24   0,5   4,7   0,0   4,7  27,4   20:37     N
30  22,8  31,1   19:06  16,3   04:34   0,4   4,9   0,0   3,0  19,3   21:31    SO
----------------------------------------------------------------------------------
    17,0  31,1    30     9,3     6    75,9  36,8  70,8   6,4  53,1    24       O

Max >=  30,0  2
Max <=  20,0 10
Min <=  30,0 30
Min <=   0,0  0
Max Rain: 24,0 on day 18
Days of Rain: 10 (>= 0,2 mm)  8 (>= 2,0 mm)  1 (>= 20,0 mm)
Heat Base: 18,3  Cool Base: 18,3  Method: Integration