Temperatura máxima Desde: 20-07-2019 12:00 Hasta: 19:59 Aviso por: Temperatura máxima Nivel: Naranja info button
español:
Temperatura máxima: 40 ºC. Esté preparado. Tome precauciones y manténgase informado de la predicción meteorológica más actualizada. Las actividades habituales pueden verse alteradas y las realizadas al aire libre, interrumpidas.

english:
Maximum temperature: 40 ºC. Be prepared. Take precautions and keep up to date with the latest weather forecast. Expect some disruption to daily routines and be prepared for disruption to outdoor activities. 

Informes Estilo NOAA


Informe 2019 Junio
                   Monthly Climatological Summary for jun. 2019

Name: tiempoensevilla.es   City: Sevilla   State: España
Elevation: 6 m  Lat: N 37 22 59   Lon: W 005 59 08

                  Temperature (°C), Rain (mm), Wind Speed (km/h)

                                      Heat  Cool        Avg
    Mean                              Deg   Deg         Wind                 Dom
Day Temp  High   Time   Low    Time   Days  Days  Rain  Speed High   Time    Dir
----------------------------------------------------------------------------------
01  27,2  34,5   19:08  19,7   07:03   0,0   8,9   0,0   9,6  35,4   11:05     E
02  27,7  36,6   18:48  19,5   07:05   0,0   9,4   0,0   6,7  29,0   22:40   NNO
03  27,3  34,7   17:06  21,7   07:48   0,0   9,0   0,0   5,2  29,0   20:18   OSO
04  24,1  30,4   16:11  18,9   07:17   0,0   5,8   0,0   7,8  40,2   17:20    SO
05  21,5  26,3   20:14  16,2   07:56   0,3   3,5   0,0   8,2  32,2   02:57    NO
06  21,2  26,1   17:24  16,7   07:40   0,2   3,1   0,0   7,9  33,8   18:20   OSO
07  21,7  28,1   19:20  16,8   07:23   0,2   3,6   0,0   7,4  29,0   10:29     N
08  24,5  30,6   17:08  18,7   07:38   0,0   6,2   0,0   6,8  30,6   17:10   OSO
09  23,1  29,7   17:28  18,5   07:45   0,0   4,8   0,0   7,6  40,2   17:31    SO
10  22,4  27,8   16:07  18,3   07:59   0,0   4,1   0,0   8,0  38,6   16:57   OSO
11  21,6  27,3   16:17  16,7   07:42   0,2   3,6   0,0   6,2  35,4   17:39    SO
12  23,1  30,2   18:14  17,7   07:04   0,1   4,8   0,0   5,1  32,2   21:08    SO
13  22,9  28,7   18:06  17,9   07:23   0,0   4,6   0,0   7,1  30,6   20:28    SO
14  20,4  24,9   16:50  16,3   07:41   0,2   2,3   0,0   9,8  41,8   12:30    SO
15  21,9  29,6   18:58  16,7   06:20   0,3   4,0   0,0   5,2  24,1   19:28   ONO
16  22,8  29,1   16:19  17,6   06:58   0,0   4,6   0,0   5,2  27,4   17:27    SO
17  22,9  29,9   17:37  16,8   07:44   0,2   4,8   0,0   5,5  29,0   18:21    SO
18  21,0  26,4   18:29  16,0   07:18   0,5   3,2   0,0   7,6  32,2   16:51    SO
19  22,8  28,8   17:01  18,7   07:49   0,0   4,6   0,0   7,2  35,4   19:33    SO
20  22,6  27,2   15:50  18,9   04:06   0,0   4,3   0,0   7,6  38,6   17:55   SSO
21  23,9  31,3   17:08  18,3   08:17   0,0   5,6   0,0   5,4  25,7   17:28    SO
22  25,2  32,4   16:49  19,8   06:53   0,0   6,9   0,0   5,2  27,4   17:40    SO
23  24,8  31,8   17:49  19,7   07:21   0,0   6,5   0,0   5,2  25,7   17:24    SO
24  23,9  29,3   18:25  19,8   05:26   0,0   5,6   0,0   7,5  30,6   16:17   SSO
25  24,8  31,9   19:01  19,7   05:21   0,0   6,5   0,0   6,6  27,4   20:05   SSO
26  24,8  30,7   17:40  20,2   06:32   0,0   6,5   0,0   6,8  29,0   18:11    SO
27  25,4  31,8   19:23  20,2   07:36   0,0   7,1   0,0   6,1  27,4   14:36    SO
28  27,5  34,6   17:58  20,7   06:26   0,0   9,2   0,0   5,4  27,4   20:30    SO
29  28,5  35,2   16:37  22,9   07:05   0,0  10,2   0,0   5,7  32,2   22:38    SO
30  24,4  28,6   18:26  21,5   06:14   0,0   6,0   0,0   7,0  30,6   21:43    SO
----------------------------------------------------------------------------------
    23,9  36,6     2    16,0    18     2,2 169,3   0,0   6,8  41,8    14      SO

Max >=  30,0 14
Max <=  20,0  0
Min <=  30,0 30
Min <=   0,0  0
Max Rain: 0,0 on day 0
Days of Rain: 0 (>= 0,2 mm)  0 (>= 2,0 mm)  0 (>= 20,0 mm)
Heat Base: 18,3  Cool Base: 18,3  Method: Integration