Campiña-No se requiere un especial cuidado respecto a la situación meteorológica.   -   No hay avisos

Informes Estilo NOAA


Informe 2019 Julio
                   Monthly Climatological Summary for jul. 2019

Name: tiempoensevilla.es   City: Sevilla   State: Espaņa
Elevation: 6 m  Lat: N 37 22 59   Lon: W 005 59 08

                  Temperature (°C), Rain (mm), Wind Speed (km/h)

                                      Heat  Cool        Avg
    Mean                              Deg   Deg         Wind                 Dom
Day Temp  High   Time   Low    Time   Days  Days  Rain  Speed High   Time    Dir
----------------------------------------------------------------------------------
01  24,6  31,3   18:58  20,7   04:29   0,0   6,3   0,0   7,0  30,6   17:25   SSO
02  23,8  29,1   19:22  18,9   07:20   0,0   5,4   0,0   7,9  32,2   16:41   SSO
03  22,3  27,6   17:16  18,7   06:09   0,0   4,0   0,0   6,4  29,0   16:57    SO
04  22,6  27,3   18:55  18,8   06:50   0,0   4,3   0,0   6,8  25,7   17:08   SSO
05  24,1  31,0   17:51  18,4   06:28   0,0   5,8   0,0   5,1  27,4   18:48   SSO
06  23,9  30,9   18:00  18,2   07:47   0,0   5,6   0,0   5,8  33,8   20:57   SSO
07  24,4  31,3   17:28  19,7   07:20   0,0   6,1   0,0   6,8  35,4   16:32   SSO
08  22,4  26,9   17:53  17,9   08:14   0,0   4,1   0,0   8,8  38,6   15:36    SO
09  23,9  30,0   17:21  18,4   07:28   0,0   5,6   0,0   5,4  27,4   18:23    SO
10  27,3  37,2   19:59  19,7   04:51   0,0   9,0   0,0   5,6  32,2   21:02   ONO
11  30,1  38,9   16:58  23,3   07:42   0,0  11,8   0,0   7,8  32,2   19:37   SSE
12  25,8  31,1   16:36  22,8   08:15   0,0   7,5   0,0   5,9  27,4   11:27    SO
13  24,3  29,0   16:50  20,9   07:31   0,0   6,0   0,0   7,2  35,4   19:17    SO
14  24,5  30,8   16:34  20,2   06:56   0,0   6,2   0,0   6,8  33,8   18:59   SSO
15  24,7  30,7   17:02  20,3   06:18   0,0   6,4   0,0   7,2  29,0   18:02   SSO
16  24,1  31,0   19:29  19,6   06:52   0,0   5,8   0,0   6,7  27,4   15:07   SSO
17  23,3  28,6   17:40  20,0   05:18   0,0   5,0   0,0   7,0  25,7   17:53    SO
18  25,9  36,3   18:35  19,7   06:32   0,0   7,6   0,0   4,8  25,7   00:59    SO
19  29,5  39,4   16:56  23,0   03:40   0,0  11,2   0,0   5,9  30,6   20:08   OSO
20  30,7  37,6   16:48  25,9   09:32   0,0  12,4   0,0   5,1  29,0   18:47    SO
21  29,0  36,4   18:00  24,4   07:21   0,0  10,7   0,0   7,2  29,0   20:32    SO
22  30,5  36,9   18:29  25,5   05:46   0,0  12,2   0,0   5,5  33,8   23:10    SO
23  30,5  36,2   17:56  25,7   07:56   0,0  12,2   0,0   6,7  32,2   18:08   OSO
24  29,7  36,2   19:26  24,1   06:10   0,0  11,4   0,0   5,7  27,4   17:53    SO
25  28,5  33,9   18:24  22,8   07:27   0,0  10,2   0,0   6,0  32,2   17:17    SO
26  26,4  33,2   19:00  21,5   07:08   0,0   8,1   0,0   8,0  35,4   16:39    SO
27  24,4  28,3   16:40  20,8   07:53   0,0   6,1   0,0   8,2  35,4   17:22   OSO
28  24,7  31,1   17:07  19,9   05:32   0,0   6,4   0,0   4,7  29,0   18:54    SO
29  26,7  34,2   20:36  20,3   05:50   0,0   8,4   0,0   5,7  32,2   19:05    SO
30  29,4  36,8   19:59  22,3   07:35   0,0  11,1   0,0   6,7  29,0   13:43     N
31  29,8  36,1   17:47  24,1   06:45   0,0  11,5   0,0   5,0  27,4   20:55   OSO
----------------------------------------------------------------------------------
    26,2  39,4    19    17,9     8     0,0 244,4   0,0   6,4  38,6     8      SO

Max >=  30,0 24
Max <=  20,0  0
Min <=  30,0 31
Min <=   0,0  0
Max Rain: 0,0 on day 0
Days of Rain: 0 (>= 0,2 mm)  0 (>= 2,0 mm)  0 (>= 20,0 mm)
Heat Base: 18,3  Cool Base: 18,3  Method: Integration