Campiña-No se requiere un especial cuidado respecto a la situación meteorológica.   -   No hay avisos

Informes Estilo NOAA


Informe 2020 Junio
                   Monthly Climatological Summary for jun. 2020

Name: tiempoensevilla.es   City: Sevilla   State: Espaņa
Elevation: 6 m  Lat: N 37 22 59   Lon: W 005 59 08

                  Temperature (°C), Rain (mm), Wind Speed (km/h)

                                      Heat  Cool        Avg
    Mean                              Deg   Deg         Wind                 Dom
Day Temp  High   Time   Low    Time   Days  Days  Rain  Speed High   Time    Dir
----------------------------------------------------------------------------------
01  23,1  27,1   17:42  18,2   05:49   0,0   4,8   0,0   5,4  27,4   14:25    SO
02  23,2  28,1   18:29  19,2   07:30   0,0   4,9   0,0   4,8  25,7   18:32    SO
03  23,1  28,5   15:29  18,8   04:55   0,0   4,8   0,0   5,8  37,0   19:14    SO
04  22,1  26,7   17:42  18,8   07:17   0,0   3,8   0,0   8,7  38,6   16:57   OSO
05  23,5  28,3   15:43  20,3   07:06   0,0   5,2   0,0   7,3  33,8   17:21    SO
06  22,8  29,1   18:22  18,1   08:36   0,0   4,5   0,0   6,7  33,8   21:03    SO
07  21,8  26,4   18:50  17,9   07:56   0,0   3,6   0,0   9,8  35,4   20:06   OSO
08  20,5  26,4   16:46  15,1   08:05   0,5   2,8   0,0   8,0  38,6   18:37   OSO
09  21,9  27,7   16:25  16,3   07:34   0,3   3,9   0,0   5,4  32,2   18:48   SSO
10  22,9  29,0   16:05  17,3   07:26   0,0   4,6   0,0   5,4  35,4   16:39    SO
11  21,0  25,3   15:09  17,3   09:32   0,0   2,7   0,0   9,9  45,1   16:21    SO
12  20,1  24,6   17:44  17,3   07:50   0,2   2,0   0,0   9,6  40,2   19:03     O
13  20,6  26,2   17:01  16,3   08:33   0,4   2,7   0,0   5,6  33,8   18:43    SO
14  21,9  26,8   15:56  17,7   07:50   0,1   3,7   0,0   6,2  38,6   16:37    SO
15  22,2  29,0   17:14  16,6   07:24   0,2   4,1   0,0   6,2  32,2   20:00    SO
16  23,7  29,2   16:09  19,2   01:59   0,0   5,4   0,0   7,1  37,0   14:52     O
17  24,6  30,5   18:11  19,7   08:29   0,0   6,3   0,0   6,7  30,6   20:18   ONO
18  23,9  30,2   16:27  18,7   07:53   0,0   5,6   0,0   6,4  35,4   16:17    SO
19  23,1  30,1   18:20  17,8   07:02   0,0   4,8   0,0   6,1  29,0   18:28   SSO
20  26,2  34,9   18:45  18,5   07:16   0,0   7,9   0,0   4,2  24,1   19:50    SO
21  29,4  38,4   18:36  21,3   06:52   0,0  11,1   0,0   3,6  19,3   19:48   OSO
22  31,9  40,2   17:02  23,8   07:21   0,0  13,6   0,0   5,3  27,4   17:27     S
23  31,2  38,3   15:43  23,7   07:33   0,0  12,9   0,0   6,3  27,4   18:31    NO
24  28,9  33,9   16:16  24,7   07:16   0,0  10,6   0,0   6,6  25,7   16:46   OSO
25  25,8  29,3   16:41  21,9   08:15   0,0   7,5   0,0   7,5  27,4   15:17    SO
26  24,4  30,4   18:25  21,2   03:20   0,0   6,1   0,0   7,1  33,8   18:32    SO
27  25,3  32,3   16:20  19,2   06:48   0,0   7,0   0,0   5,2  29,0   18:07   SSO
28  29,2  37,8   18:26  22,2   05:12   0,0  10,9   0,0   3,6  24,1   20:50   OSO
29  30,4  37,8   18:21  23,9   07:00   0,0  12,1   0,0   4,6  22,5   14:06    SO
30  28,4  35,2   16:54  23,2   23:48   0,0  10,1   0,0   6,2  30,6   15:35    SO
----------------------------------------------------------------------------------
    24,6  40,2    22    15,1     8     1,7 190,0   0,0   6,4  45,1    11      SO

Max >=  30,0 13
Max <=  20,0  0
Min <=  30,0 30
Min <=   0,0  0
Max Rain: 0,0 on day 0
Days of Rain: 0 (>= 0,2 mm)  0 (>= 2,0 mm)  0 (>= 20,0 mm)
Heat Base: 18,3  Cool Base: 18,3  Method: Integration