Campiña-No se requiere un especial cuidado respecto a la situación meteorológica.   -   No hay avisos

Informes Estilo NOAA


Informe 2020 Agosto
                   Monthly Climatological Summary for ago. 2020

Name: tiempoensevilla.es   City: Sevilla   State: Espaņa
Elevation: 6 m  Lat: N 37 22 59   Lon: W 005 59 08

                  Temperature (°C), Rain (mm), Wind Speed (km/h)

                                      Heat  Cool        Avg
    Mean                              Deg   Deg         Wind                 Dom
Day Temp  High   Time   Low    Time   Days  Days  Rain  Speed High   Time    Dir
----------------------------------------------------------------------------------
01  31,3  41,9   16:54  24,5   08:07   0,0  13,0   0,0   5,1  30,6   20:36    SO
02  30,2  37,3   19:00  24,9   23:54   0,0  11,9   0,0   6,0  37,0   17:23   SSO
03  27,2  34,3   16:51  21,9   07:56   0,0   8,9   0,0   6,1  32,2   20:43   SSO
04  28,6  36,0   18:07  22,6   06:50   0,0  10,3   0,0   5,6  20,9   11:46    SO
05  31,6  38,9   18:36  25,5   05:05   0,0  13,3   0,0   4,4  19,3   20:47   OSO
06  31,9  39,1   16:35  25,8   08:30   0,0  13,6   0,0   5,5  29,0   20:38   OSO
07  29,7  34,3   19:02  26,0   08:13   0,0  11,4   0,0   6,1  24,1   17:06   OSO
08  31,0  38,1   18:12  25,6   05:23   0,0  12,7   0,0   5,1  25,7   20:26    SO
09  30,0  37,2   17:24  24,9   07:46   0,0  11,7   0,0   4,9  24,1   18:04   SSO
10  28,3  34,3   19:03  24,4   07:26   0,0  10,0   0,0   5,5  24,1   17:49    SO
11  27,5  32,2   17:20  23,2   23:56   0,0   9,2   0,0   6,7  35,4   15:54    SO
12  24,0  28,9   17:22  19,7   07:51   0,0   5,7   0,0   7,8  32,2   20:08   SSO
13  25,3  32,3   17:19  21,2   07:32   0,0   7,0   0,0   5,6  24,1   17:22   SSO
14  26,3  34,4   19:42  20,8   07:00   0,0   8,0   0,0   5,5  33,8   20:14    SO
15  24,7  30,2   16:02  19,8   07:11   0,0   6,4   0,0   5,9  33,8   17:46   SSO
16  24,9  31,2   16:33  20,5   08:19   0,0   6,6   0,0   6,7  32,2   20:32     O
17  26,2  32,9   16:48  21,9   03:19   0,0   7,9   0,0   4,7  29,0   16:08    SO
18  29,3  37,5   18:59  23,7   08:34   0,0  11,0   0,0   4,4  20,9   10:21     N
19  30,7  36,4   16:35  24,8   08:25   0,0  12,4   0,0   5,9  35,4   19:06   OSO
20  27,9  36,6   17:54  21,2   07:09   0,0   9,7   0,0   5,5  30,6   18:09    SO
21  26,5  35,6   16:51  21,1   04:43   0,0   8,2   0,0   5,0  30,6   18:46   SSO
22  29,0  38,3   17:43  22,9   07:24   0,0  10,7   0,0   4,0  22,5   17:57    SO
23  29,4  38,6   17:21  23,4   08:02   0,0  11,1   0,0   3,8  29,0   18:07   SSO
24  28,5  36,2   18:31  21,9   07:52   0,0  10,2   0,0   3,9  19,3   16:28    SO
25  29,7  38,4   17:53  23,9   06:59   0,0  11,4   0,0   4,4  19,3   22:00   OSO
26  30,5  39,1   17:00  23,8   08:33   0,0  12,2   0,0   4,3  24,1   18:52    SO
27  30,6  39,2   18:04  24,4   08:07   0,0  12,3   0,0   4,1  27,4   16:29    SO
28  28,7  36,1   17:47  23,8   05:47   0,0  10,2   0,0   6,5  30,6   16:32     O
29  24,8  30,7   17:49  19,1   07:56   0,0   6,5   0,0  10,3  37,0   14:57     N
30  26,8  33,6   19:07  21,0   08:50   0,0   8,5   0,0   6,4  29,0   13:09    NE
31  27,0  33,6   17:54  19,3   07:56   0,0   8,7   0,0   7,2  29,0   13:58   ENE
----------------------------------------------------------------------------------
    28,3  41,9     1    19,1    29     0,0 310,7   0,0   5,6  37,0     2      SO

Max >=  30,0 30
Max <=  20,0  0
Min <=  30,0 31
Min <=   0,0  0
Max Rain: 0,0 on day 0
Days of Rain: 0 (>= 0,2 mm)  0 (>= 2,0 mm)  0 (>= 20,0 mm)
Heat Base: 18,3  Cool Base: 18,3  Method: Integration