Avisos AEMET Campiña SevillanaAviso Naranja+ INFO
Sevilla, Andalucía, España
Idioma: es English Français Deutsch Italiano Português Español
 

Informes Estilo NOAA


Informe 2022 Julio
                   Monthly Climatological Summary for jul. 2022

Name: tiempoensevilla.es   City: Sevilla   State: Espaa
Elevation: 6 m  Lat: N 37° 22' 59"   Lon: W 005° 59' 08"

                  Temperature (°C), Rain (mm), Wind Speed (km/h)

                                      Heat  Cool        Avg
    Mean                              Deg   Deg         Wind                 Dom
Day Temp  High   Time   Low    Time   Days  Days  Rain  Speed High   Time    Dir
----------------------------------------------------------------------------------
01  26,7  36,1   17:18  19,2   06:17   0,0   8,4   0,0   4,5  26,0   20:35   OSO
02  28,2  33,6   17:03  24,1   07:55   0,0   9,9   0,0   6,3  32,0   20:59     O
03  24,3  29,0   17:56  20,7   09:05   0,0   6,0   0,0   7,1  27,0   17:28   OSO
04  24,5  33,8   19:03  19,3   07:58   0,0   6,2   0,0   3,7  26,0   20:45   OSO
05  23,8  31,6   17:48  19,2   04:45   0,0   5,5   0,0   6,5  35,0   22:18    SO
06  26,1  35,0   18:16  20,1   07:57   0,0   7,8   0,0   4,4  23,0   00:01    SO
07  30,1  40,2   18:58  22,4   07:17   0,0  11,8   0,0   4,8  27,0   20:46   OSO
08  31,6  40,9   19:18  24,8   07:58   0,0  13,3   0,0   5,4  29,0   15:36   ENE
09  33,0  41,1   18:09  25,7   07:53   0,0  14,7   0,0   4,1  26,0   20:30   NNO
10  32,6  40,3   18:35  26,2   08:37   0,0  14,3   0,0   4,4  31,0   20:47     O
11  33,4  41,7   17:01  25,8   08:44   0,0  15,1   0,0   5,1  42,0   14:43    SE
12  33,4  40,8   16:20  26,9   05:13   0,0  15,1   0,0   8,0  37,0   11:28     E
13  34,7  43,9   17:54  26,7   07:41   0,0  16,3   0,0   6,2  31,0   19:34     E
14  35,3  43,7   18:37  27,6   06:58   0,0  17,0   0,0   3,2  27,0   04:37   OSO
15  34,5  41,2   17:34  27,3   07:33   0,0  16,2   0,0   4,1  27,0   19:52    SO
16  33,6  40,7   18:36  26,9   07:30   0,0  15,3   0,0   3,9  26,0   20:35     O
17  32,2  39,2   18:08  25,5   08:09   0,0  13,9   0,0   3,5  27,0   18:38     O
18  30,2  35,4   17:14  25,7   08:26   0,0  11,9   0,0   5,4  31,0   18:03   OSO
19  29,0  36,1   17:56  23,6   04:32   0,0  10,7   0,0   3,0  26,0   21:11    SO
20  31,3  40,3   18:14  23,9   08:00   0,0  13,0   0,0   2,0  21,0   20:17   OSO
21  31,0  39,0   19:10  25,1   07:35   0,0  12,7   0,0   3,0  27,0   21:14   OSO
22  32,6  40,4   19:23  25,6   07:38   0,0  14,3   0,0   2,8  27,0   20:35   OSO
23  33,5  42,4   17:54  26,1   08:00   0,0  15,2   0,0   2,3  26,0   18:50    SO
24  34,4  44,3   18:37  25,2   08:30   0,0  16,1   0,0   1,0  21,0   20:10   ONO
25  37,5  44,3   18:36  31,1   07:40   0,0  19,2   0,0   3,0  34,0   17:15   NNO
26  33,9  40,3   18:05  27,1   07:53   0,0  15,6   0,0   4,2  39,0   19:11   OSO
27  28,5  32,3   15:31  24,1   23:58   0,0  10,2   0,0   6,7  40,0   16:00    SO
28  27,6  36,6   18:19  21,7   07:27   0,0   9,3   0,0   3,8  27,0   19:55    SO
29  29,9  38,3   17:09  23,8   05:32   0,0  11,6   0,0   2,6  24,0   19:53    SO
30  31,0  38,1   18:47  25,2   07:38   0,0  12,7   0,0   2,7  23,0   12:07   OSO
31  32,2  40,5   19:09  24,9   07:45   0,0  13,9   0,0   1,9  24,0   21:09   OSO
----------------------------------------------------------------------------------
    31,0  44,3    24    19,2     1     0,0 393,2   0,0   4,2  42,0    11     OSO

Max >=  30,0 30
Max <=  20,0  0
Min <=  30,0 30
Min <=   0,0  0
Max Rain: 0,0 on day 0
Days of Rain: 0 (>= 0,2 mm)  0 (>= 2,0 mm)  0 (>= 20,0 mm)
Heat Base: 18,3  Cool Base: 18,3  Method: Integration