Avisos AEMET Campiña SevillanaAviso Naranja+ INFO
Sevilla, Andalucía, España
Idioma: es English Français Deutsch Italiano Português Español
 

Informes Estilo NOAA


Informe 2023 Abril
                   Monthly Climatological Summary for abr. 2023

Name: tiempoensevilla.es   City: Sevilla   State: Espaa
Elevation: 6 m  Lat: N 37° 22' 59"   Lon: W 005° 59' 08"

                  Temperature (°C), Rain (mm), Wind Speed (km/h)

                                      Heat  Cool        Avg
    Mean                              Deg   Deg         Wind                 Dom
Day Temp  High   Time   Low    Time   Days  Days  Rain  Speed High   Time    Dir
----------------------------------------------------------------------------------
01  20,7  26,7   18:25  14,9   08:38   0,5   3,0   0,0   7,7  32,0   19:24   NNO
02  20,8  26,4   19:22  16,2   08:58   0,4   2,8   0,0   7,1  27,0   11:45   NNE
03  20,1  26,5   18:35  13,2   08:12   1,1   2,9   0,0   6,8  32,0   11:59   ENE
04  18,8  23,8   18:50  15,1   08:27   1,0   1,5   0,0   4,7  18,0   00:40   NNO
05  19,0  26,8   18:16  11,1   08:19   2,1   2,8   0,0   7,7  37,0   14:35   ESE
06  19,7  27,3   16:56  11,8   08:15   1,7   3,1   0,0   9,3  35,0   15:34     E
07  20,0  28,1   18:56  11,3   08:13   1,7   3,4   0,0   6,0  24,0   12:50     E
08  21,0  30,2   18:52  12,3   07:37   1,5   4,2   0,0   5,9  23,0   19:39    NE
09  21,9  30,3   18:13  14,6   07:22   0,6   4,2   0,0   4,1  23,0   19:06   OSO
10  23,6  32,4   19:26  15,8   08:28   0,4   5,7   0,0   4,3  24,0   21:26   ONO
11  22,1  29,6   16:54  15,9   08:11   0,3   4,1   0,0   5,9  31,0   17:42    SO
12  19,6  25,6   16:31  14,9   07:07   1,0   2,3   0,0   6,3  34,0   17:28   ONO
13  18,1  24,2   17:34  12,1   08:13   1,8   1,7   0,0   8,7  27,0   17:56     N
14  20,0  27,6   17:11  14,4   08:10   1,2   2,9   0,0   7,6  32,0   17:19     N
15  22,6  30,8   18:45  16,4   07:27   0,3   4,6   0,0   7,9  29,0   00:54   NNE
16  24,5  30,2   18:57  18,9   07:58   0,0   6,2   0,0  10,1  50,0   10:21     E
17  22,7  30,8   19:08  14,2   07:54   0,7   5,2   0,0   8,7  32,0   14:23     E
18  22,5  30,5   16:47  14,3   07:45   0,7   4,9   0,0   6,4  27,0   11:00     E
19  21,7  29,7   18:35  14,9   07:39   0,7   4,0   0,0   6,4  29,0   20:52   NNO
20  21,4  28,2   17:38  15,9   06:21   0,4   3,5   0,0   5,6  26,0   19:46     O
21  19,3  23,5   17:26  15,7   07:38   0,6   1,6   0,0   8,3  34,0   18:28   OSO
22  20,0  26,6   18:59  16,3   08:35   0,6   2,3   2,2   6,2  26,0   20:09   OSO
23  21,9  30,1   19:04  15,7   05:52   0,5   4,2   0,0   5,1  26,0   11:13    NE
24  25,0  32,6   18:53  18,1   07:36   0,0   6,7   0,0   5,6  24,0   21:30    NE
25  26,3  35,1   19:11  18,4   07:43   0,0   8,0   0,0   4,4  32,0   20:32     O
26  28,2  36,4   18:21  19,3   07:48   0,0   9,9   0,0   5,4  26,0   20:03   NNE
27  28,1  36,2   17:06  20,4   08:15   0,0   9,8   0,0   5,5  26,0   19:28     O
28  27,2  33,8   16:35  22,1   07:45   0,0   8,9   0,0   5,1  29,0   16:44   OSO
29  24,2  31,4   18:51  19,6   07:32   0,0   6,0   0,0   7,5  31,0   17:40     O
30  24,5  31,3   18:16  19,3   08:24   0,0   6,2   0,0   5,9  26,0   19:23    NO
----------------------------------------------------------------------------------
    22,2  36,4    26    11,1     5    19,8 136,6   2,2   6,5  50,0    16       N

Max >=  30,0 15
Max <=  20,0  0
Min <=  30,0 30
Min <=   0,0  0
Max Rain: 2,2 on day 22
Days of Rain: 1 (>= 0,2 mm)  1 (>= 2,0 mm)  0 (>= 20,0 mm)
Heat Base: 18,3  Cool Base: 18,3  Method: Integration