Avisos AEMET Campiña SevillanaAviso Naranja+ INFO
Sevilla, Andalucía, España
Idioma: es English Français Deutsch Italiano Português Español
 

Informes Estilo NOAA


Informe 2024 Julio
                   Monthly Climatological Summary for jul. 2024

Name: tiempoensevilla.es   City: Sevilla   State: España
Elevation: 6 m  Lat: N 37° 22' 59"   Lon: W 005° 59' 08"

                  Temperature (°C), Rain (mm), Wind Speed (km/h)

                                      Heat  Cool        Avg
    Mean                              Deg   Deg         Wind                 Dom
Day Temp  High   Time   Low    Time   Days  Days  Rain  Speed High   Time    Dir
----------------------------------------------------------------------------------
01  25,4  31,3   17:08  20,3   07:28   0,0   7,1   0,0   4,6  26,0   19:36   OSO
02  28,8  38,4   20:12  20,9   08:08   0,0  10,5   0,0   3,7  23,0   21:16   NNO
03  30,7  40,8   19:09  23,3   03:29   0,0  12,4   0,0   4,4  26,0   20:26   OSO
04  32,3  41,9   19:05  24,1   08:21   0,0  14,0   0,0   5,2  23,0   20:40     O
05  28,8  33,1   14:09  22,3   23:18   0,0  10,5   0,0   8,2  34,0   18:15   OSO
06  23,1  28,2   18:16  20,0   07:52   0,0   4,8   0,4  10,0  39,0   19:49    SO
07  23,6  29,2   17:41  18,3   07:44   0,0   5,3   0,0   6,3  26,0   18:33    SO
08  24,7  32,1   19:28  18,9   08:08   0,0   6,4   0,0   5,3  26,0   16:51    SO
09  26,0  33,7   18:33  19,4   07:57   0,0   7,7   0,0   5,9  29,0   19:27    SO
10  29,1  38,7   18:23  21,7   07:02   0,0  10,8   0,0   4,8  26,0   20:24    SO
11  31,3  37,3   16:34  24,4   07:00   0,0  12,9   0,0   5,5  32,0   19:32    SO
12  30,7  36,1   17:36  25,8   08:13   0,0  12,4   0,0   6,0  31,0   18:44   OSO
13  26,1  32,4   16:37  20,9   07:20   0,0   7,8   0,0   8,9  35,0   20:25    SO
14  25,5  33,2   16:45  19,6   06:41   0,0   7,2   0,0   6,3  29,0   17:41    SO
15  26,8  34,5   18:22  19,9   07:20   0,0   8,5   0,0   6,1  29,0   16:19   OSO
16  28,4  36,6   17:33  22,6   08:15   0,0  10,1   0,0   5,4  23,0   19:37     O
17  28,8  37,2   17:28  21,4   07:21   0,0  10,5   0,0   5,5  27,0   18:30    SO
18  29,9  35,8   19:58  23,9   07:27   0,0  11,6   0,0   4,3  26,0   18:11     O
19  31,5  40,1   17:29  24,4   08:40   0,0  13,2   0,0   5,0  29,0   18:47   OSO
20  30,7  38,8   18:54  23,8   08:21   0,0  12,4   0,0   6,2  31,0   19:02   OSO
21  28,5  34,5   17:00  23,9   07:57   0,0  10,2   0,0   7,8  37,0   18:55     O
22  29,0  39,0   18:55  21,6   07:16   0,0  10,7   0,0   3,6  21,0   23:21   OSO
----------------------------------------------------------------------------------
    28,2  41,9     4    18,3     7     0,0 217,0   0,4   5,9  39,0     6     OSO

Max >=  30,0 20
Max <=  20,0  0
Min <=  30,0 22
Min <=   0,0  0
Max Rain: 0,4 on day 6
Days of Rain: 1 (>= 0,2 mm)  0 (>= 2,0 mm)  0 (>= 20,0 mm)
Heat Base: 18,3  Cool Base: 18,3  Method: Integration